 - 1. Let v(c) = -3*c**2 + 5*c - 4. Let p be v(3). Let a be 2/8 - (-132)/p. What is the units digit of i(a)?
7
Suppose -21 = a - 74. What is the tens digit of a?
5
Suppose -22 = -2*k - 0*l - 2*l, 3*l + 2 = 2*k. What is the units digit of k?
7
What is the hundreds digit of 152/3*(4/4 - -2)?
1
Let l(o) = -o**3 - o**2 + 13*o. What is the hundreds digit of l(-6)?
1
Let q be (-2)/(-7) - 721/(-49). Suppose 0 = 3*u + f - 20, 2*u - f = -0*u + q. What is the units digit of u?
7
Let y = 21 - -5. Let n = y + -6. What is the units digit of n?
0
Let c(x) = x - 3. Let z be c(5). Suppose 0 = d - z - 1. Suppose -q - 8 = -2*j, d*j - 2*q = -0*q + 11. What is the units digit of j?
5
Let b(x) = -x**3 - 7*x**2 - 6*x + 3. What is the units digit of b(-6)?
3
Let v(l) = -l**2 - 6*l + 1. Let n(s) = 4 + s**2 - 8 - 2*s**2. Let k be n(0). What is the units digit of v(k)?
9
Suppose -5*p - m = 26 - 71, -4*p = 4*m - 20. Suppose -s + 2*w - p = -52, -60 = -2*s - 4*w. What is the tens digit of s?
3
Suppose 0 = -4*t + 5*v + 26, t - 53 = -4*t - 4*v. What is the units digit of t?
9
Let i(w) = 3*w**3 - w**2 - 4. What is the tens digit of i(3)?
6
Suppose -2*j + 3*b + 11 = 0, 9 = -j - 5*b - 5. Let w be 4*j/(1 + 3). What is the units digit of (-4)/(-2)*1 + w?
3
Suppose -f - 5*b - 9 = 0, 0 = -0*b + b + 2. Suppose -3*j + 11 = -f. What is the units digit of j?
4
Let z = 47 + -67. Let o = z - -21. What is the units digit of o?
1
Let j(f) = f + 1. Let n(i) = -i**3 - i**2 + 3*i - 4. Let d(x) = -4*j(x) + n(x). What is the tens digit of d(-4)?
4
Suppose -6*w - 68 = -2*w. Let s = 29 + w. What is the units digit of s?
2
Let f(g) = -g**2 - g + 6. Let p be f(0). Let k be 4/(-3)*(6 + -12). Let v = k - p. What is the units digit of v?
2
Let s be (-2)/(-5) - 158/(-5). Let t = s - 45. Let y = 18 + t. What is the units digit of y?
5
What is the tens digit of 37/2*(-10)/(-5)?
3
Let k = 0 - -7. Suppose 2*x - 2*w - k = -w, 5*x = -5*w - 5. Suppose -x*s = -26 + 6. What is the tens digit of s?
1
Suppose 0 = -5*f, 154 = t - 2*f - 2*f. What is the units digit of t?
4
Let h(n) = 5*n + 6 + 2*n**2 - n**2 + 0*n**2. Let k be h(-4). What is the units digit of (-2)/(-4) - (-5)/k?
3
Suppose 0 = -2*t + 6*t - 20, 2*w - 20 = -4*t. Suppose 2*p - k - 39 = w, 0 = p - 4*k + k - 7. What is the units digit of p?
2
Let p be 6/(-9) - (-308)/12. Suppose -3*k = -8*k - p, -3*f - 2*k + 68 = 0. What is the tens digit of f?
2
Let d = 82 - -64. What is the units digit of d?
6
Let r be 3/(-6)*10/1. Let l(k) = k - 1. Let b be l(-7). Let w = r - b. What is the units digit of w?
3
Let m be 15/5 + (12 - 1). Let z = m + -12. What is the units digit of z?
2
Let s = 99 - 51. What is the tens digit of s?
4
Let y(d) = d + 11. Let w(a) = 2. Let q(g) = -11*w(g) + 2*y(g). What is the units digit of q(6)?
2
Let c = 32 + 114. What is the hundreds digit of c?
1
Let l(k) = 6*k - 5. Let j be l(-7). Let f = -14 - j. What is the tens digit of f?
3
Suppose 0*s = -2*s + 6. Let b be 0 + -2 + s + 11. Suppose v - 9 = 2*y, 0 = -y - 3*y - b. What is the units digit of v?
3
Let p = -6 - -27. Suppose -l = -p - 10. What is the units digit of l?
1
Let x(t) = 209*t + 1. What is the hundreds digit of x(1)?
2
Suppose -4*m - 22 = -350. What is the units digit of m?
2
Let a be -6 - -7 - (-4)/(-2). Let v = a + 12. What is the units digit of v?
1
Let q be (-2)/8 - (-36)/16. Suppose -q - 23 = -5*g. What is the units digit of g?
5
Let v(t) = -2*t - 2. Suppose 5*p = -2 - 18. Let j be v(p). Let f(a) = a**2 - 7*a + 9. What is the units digit of f(j)?
3
Let z(n) = -n**2 + 24*n - 14. What is the units digit of z(13)?
9
Let y(s) = 2*s**2 - 15*s - 13. What is the units digit of y(11)?
4
Let g = 39 + -21. Suppose 0*x = -2*x + g. What is the units digit of x?
9
Let f(t) = -t**3 + 14*t**2 - 4*t - 14. What is the hundreds digit of f(13)?
1
Suppose 0 = -6*b + 10*b - 156. What is the units digit of b?
9
Let f = 4 + -16. Let p(v) = 22 - 3 - 3 + 2 + v. What is the units digit of p(f)?
6
Let k(d) = -d**3 - 5*d**2 + 3*d + 1. What is the units digit of k(-7)?
8
Let q be 20/12 - (-2)/6. Let p = 0 + q. Suppose 11 = p*u + 3. What is the units digit of u?
4
Suppose -5*n - 5 = 0, 3*g - n + 0 = 10. Suppose 21 = t + 3*t + 5*b, g*b = 3. Suppose -t + 3 = -l. What is the units digit of l?
1
Suppose -6*k + 13*k = 42. What is the units digit of k?
6
Let n(c) = 4*c**2 + 1. Let a be n(1). Suppose 5*r + 4*p = -4 - 9, 5 = 5*r - a*p. Let g = r + 7. What is the units digit of g?
6
Let g(q) = -q**2 + 11*q - 12. Let j be g(8). Let z = 46 - j. What is the tens digit of z?
3
Suppose 2*o + 1 = 9. Let u = 6 - o. Suppose 0 = -3*k + 12, 7*l - u*l - 2*k = 42. What is the tens digit of l?
1
Let t = 94 + -54. Suppose 14 = 2*b + 2*a + 2, -2*a - 12 = -2*b. Suppose -b*c = -11*c + t. What is the units digit of c?
8
Let x(d) = -d**3 + d**2 - d - 4. Let l = 7 - 7. Let j be x(l). Let v = j - -8. What is the units digit of v?
4
Let x(r) = 11*r + 2. Let k(s) = -21*s - 3. Let d(l) = -2*k(l) - 5*x(l). Let p be d(-3). Suppose 4*c = 2 + 6, 3*o - 5*c - p = 0. What is the tens digit of o?
1
What is the units digit of (27 - 22)/(5/6)?
6
Let q(o) = 4*o**2 - o - 26. What is the tens digit of q(-6)?
2
Let d(r) be the second derivative of r**5/20 + 7*r**4/12 + r**3/2 - 2*r**2 + 4*r. What is the units digit of d(-6)?
4
Let g be 1 + -1 - (14 + -9). What is the units digit of 2/g - 17/(-5)?
3
Let p(v) = v**3 + 11*v**2 - 14*v + 9. What is the tens digit of p(-12)?
3
Let i(x) = x**2 - 3*x. Let v be i(2). Let s(t) = -4*t - 3 - 3*t**3 - t**3 + 3*t**3 - t**2. What is the units digit of s(v)?
9
Suppose -3*x - 3*j = -73 - 62, 5*x - 207 = j. What is the units digit of x?
2
Suppose g - 36 = 13. What is the tens digit of g?
4
Suppose d - 8 = -d. Suppose 4 + 8 = d*y. What is the units digit of y?
3
Let i(n) = n**2 + 2*n + 5. Let y(j) = -j**2 - j - 6. Let s(z) = 2*i(z) + 3*y(z). Let o be s(0). What is the units digit of (3/4)/((-1)/o)?
6
Suppose -2*f + 3*f = 0. What is the units digit of (2 - f) + 5 - -2?
9
Let j(i) be the first derivative of 4*i**3/3 + i - 2. Let o be j(1). Suppose -a = a - 5*t + 1, 32 = o*a - t. What is the units digit of a?
7
Let y(w) = 3*w**2 + 6*w + 6. Let k be y(-4). Suppose 0*u = 2*u - k. What is the tens digit of u?
1
Suppose 0 = -4*q - 8, -q + 34 = 2*v + q. What is the units digit of v?
9
Let q(x) = 4*x**2 - 4*x + 3. Suppose 2*l - 30 = -0. Let t be ((-4)/3)/((-10)/l). What is the units digit of q(t)?
1
Let f = 2 - -25. What is the tens digit of ((-2)/3)/((-1)/f)?
1
Suppose -4*w + 157 + 31 = 0. What is the tens digit of w?
4
Let y be -1*(2 + -3)*3. Let a be y/2 - 106/(-4). What is the units digit of a/6*3/2?
7
Let n be (10*-1)/(-1 + 0). What is the tens digit of (1 - 0)*(n - -1)?
1
Suppose 6*i = -30 + 324. What is the units digit of i?
9
Let w(r) = -2*r - 15. Let q be w(-10). Suppose 7*j - 48 = q*j. What is the units digit of j?
4
Suppose 73 - 25 = 4*i. Let y(t) = t**2 - 10*t + 10. What is the tens digit of y(i)?
3
Let h(p) = p**2 - 5*p - 10. Let y be h(7). Let b(d) = y*d**2 + 1 - d**3 + 2 - 10*d**2. What is the units digit of b(-6)?
3
Suppose -4*k - 3*a - 2*a = -188, 0 = -4*k + 4*a + 188. What is the tens digit of k?
4
Suppose -r + 5*w = -28, 2*w - 28 = -3*r + 3*w. Let d be 6/r - 148/(-16). Suppose 2 + d = 2*s. What is the units digit of s?
6
Suppose 5*l - 5*f - 950 = 0, -3*l - f = -5*f - 570. What is the hundreds digit of l?
1
Let a(z) = z**3 - z**2 - z - 1. Suppose -1 = 2*u - 3. Let m(r) = 2*r**3 + 3*r**2 - 6*r - 8. Let y(w) = u*m(w) - 3*a(w). What is the units digit of y(5)?
5
Let p = 12 - 8. Suppose 0 = 3*o - t - 23, 2*o - 5*t = 2 - p. What is the units digit of o?
9
What is the hundreds digit of 1 + 365 - (11 + -6)?
3
Let z(p) = p - 8. Let n be z(8). Let f(v) = v**3 + 5*v**2 + 4*v + 3. Let x be f(-2). Suppose n = t + 3*m + 1 - 11, -x = 2*t - 3*m. What is the units digit of t?
1
What is the hundreds digit of -10 + 5854/19 - (-4)/(-38)?
2
Let i be 4/16*0 - 3. What is the tens digit of (-292)/(-12) - (-1)/i?
2
Let k be (-19)/4 + (-3)/(-4). What is the units digit of 22/4 + 2/k?
5
What is the units digit of 1*-5*(-18)/15?
6
Let g = -7 - -74. Let o = g - 28. Suppose 0 = -2*m + y + o, 0 = -m + 3*m - 2*y - 44. What is the units digit of m?
7
What is the hundreds digit of ((-113)/(-1) - (-16)/(-8)) + 3?
1
Suppose 4*q - 4*t = 